{"id":11550,"date":"2025-07-31T12:10:00","date_gmt":"2025-07-31T12:10:00","guid":{"rendered":"https:\/\/www.domainelabergerie.com\/tourisme-var\/markt-im-dorf-roquebrune-sur-argens\/"},"modified":"2025-08-29T08:22:20","modified_gmt":"2025-08-29T08:22:20","slug":"markt-im-dorf-roquebrune-sur-argens","status":"publish","type":"lieux","link":"https:\/\/www.domainelabergerie.com\/de\/tourisme-var\/markt-im-dorf-roquebrune-sur-argens\/","title":{"rendered":"Markt im Dorf Roquebrune-sur-Argens"},"content":{"rendered":"\n<div class=\"wp-block-group has-global-padding is-layout-constrained wp-block-group-is-layout-constrained\" style=\"min-height:2px;margin-bottom:var(--wp--preset--spacing--xxl)\">\n\n\n\n\t<script type=\"text\/javascript\">\n\t\tvar swiperOptionsStudio_swiper_69f19d3194d5b = {\n  createElements: true,\n  slidesPerView: 1,\n  spaceBetween: 0,\n  navigation: { \n    enabled: false,\n  },\n  effect: \"fade\",\n  fadeEffect: {\n    crossFade: true,\n  },\n  pagination: {\n    enabled: false,\n  },\n  autoplay: {\n   delay: 5000,\n   disableOnInteraction: false,\n  },\n  loop: true,\nspeed: 1000\n};\n\t<\/script>\n\n\n\n\n<div id=\"swiper_69f19d3194d5b\" class=\"swiper alignfull scale wp-block-plune-blocks-slider\" data-swiper=\"{&quot;autoplay&quot;:true,&quot;navigation&quot;:false,&quot;pagination&quot;:false,&quot;slidesPerView&quot;:2}\"data-module=\"default\">\n\t<div class=\"swiper-wrapper\">\n\t\t\n\n<div class=\"wp-block-cover aligncenter swiper-slide has-aspect-ratio\" style=\"min-height:400px;aspect-ratio:2.66;min-height:unset;\"><img alt=\"\" decoding=\"async\" width=\"1024\" height=\"681\" class=\"wp-block-cover__image-background wp-image-4237 size-large\" alt=\"\" src=\"https:\/\/www.domainelabergerie.com\/wp-content\/uploads\/2025\/07\/marche-roquebrune-domaine-bergerie-var-provence_01-1024x681.webp\" data-object-fit=\"cover\" srcset=\"https:\/\/www.domainelabergerie.com\/wp-content\/uploads\/2025\/07\/marche-roquebrune-domaine-bergerie-var-provence_01-1024x681.webp 1024w, https:\/\/www.domainelabergerie.com\/wp-content\/uploads\/2025\/07\/marche-roquebrune-domaine-bergerie-var-provence_01-300x200.webp 300w, https:\/\/www.domainelabergerie.com\/wp-content\/uploads\/2025\/07\/marche-roquebrune-domaine-bergerie-var-provence_01-768x511.webp 768w, https:\/\/www.domainelabergerie.com\/wp-content\/uploads\/2025\/07\/marche-roquebrune-domaine-bergerie-var-provence_01-1536x1021.webp 1536w, https:\/\/www.domainelabergerie.com\/wp-content\/uploads\/2025\/07\/marche-roquebrune-domaine-bergerie-var-provence_01.webp 1800w\" sizes=\"(max-width: 1024px) 100vw, 1024px\" \/><span aria-hidden=\"true\" class=\"wp-block-cover__background has-black-background-color has-background-dim-30 has-background-dim\"><\/span><div class=\"wp-block-cover__inner-container has-global-padding is-layout-constrained wp-block-cover-is-layout-constrained\">\n<div class=\"wp-block-group alignwide has-global-padding is-layout-constrained wp-container-core-group-is-layout-eb740263 wp-block-group-is-layout-constrained\" style=\"padding-top:var(--wp--preset--spacing--xs);padding-right:var(--wp--preset--spacing--s);padding-bottom:var(--wp--preset--spacing--xs);padding-left:var(--wp--preset--spacing--s)\">\n<p class=\"has-text-align-center is-style-default has-white-color has-text-color has-link-color has-secondary-font-family has-xxl-font-size wp-elements-afc83b93fe9360181eb3148dab46fcb4\" style=\"--m-a:center\">Domaine de la Bergerie<\/p>\n\n\n\n<p class=\"has-text-align-center has-white-color has-text-color has-link-color has-secondary-font-family has-xl-font-size wp-elements-8dcaa15f9367b158c758bf193000860f\" style=\"margin-top:0;margin-bottom:0;--m-a:center\"><em><em><em>Markt in Roquebrune-sur-Argens<\/em><\/em><\/em><\/p>\n<\/div>\n<\/div><\/div>\n\n\n\n<div class=\"wp-block-cover aligncenter swiper-slide has-aspect-ratio\" style=\"min-height:400px;aspect-ratio:2.66;min-height:unset;\"><img alt=\"\" decoding=\"async\" width=\"1024\" height=\"682\" class=\"wp-block-cover__image-background wp-image-4241 size-large\" alt=\"\" src=\"https:\/\/www.domainelabergerie.com\/wp-content\/uploads\/2025\/07\/marche-roquebrune-domaine-bergerie-var-provence_02-1024x682.webp\" data-object-fit=\"cover\" srcset=\"https:\/\/www.domainelabergerie.com\/wp-content\/uploads\/2025\/07\/marche-roquebrune-domaine-bergerie-var-provence_02-1024x682.webp 1024w, https:\/\/www.domainelabergerie.com\/wp-content\/uploads\/2025\/07\/marche-roquebrune-domaine-bergerie-var-provence_02-300x200.webp 300w, https:\/\/www.domainelabergerie.com\/wp-content\/uploads\/2025\/07\/marche-roquebrune-domaine-bergerie-var-provence_02-768x512.webp 768w, https:\/\/www.domainelabergerie.com\/wp-content\/uploads\/2025\/07\/marche-roquebrune-domaine-bergerie-var-provence_02-1536x1023.webp 1536w, https:\/\/www.domainelabergerie.com\/wp-content\/uploads\/2025\/07\/marche-roquebrune-domaine-bergerie-var-provence_02-2048x1365.webp 2048w\" sizes=\"(max-width: 1024px) 100vw, 1024px\" \/><span aria-hidden=\"true\" class=\"wp-block-cover__background has-black-background-color has-background-dim-30 has-background-dim\"><\/span><div class=\"wp-block-cover__inner-container has-global-padding is-layout-constrained wp-block-cover-is-layout-constrained\">\n<div class=\"wp-block-group alignwide has-global-padding is-layout-constrained wp-container-core-group-is-layout-eb740263 wp-block-group-is-layout-constrained\" style=\"padding-top:var(--wp--preset--spacing--xs);padding-right:var(--wp--preset--spacing--s);padding-bottom:var(--wp--preset--spacing--xs);padding-left:var(--wp--preset--spacing--s)\">\n<p class=\"has-text-align-center is-style-default has-white-color has-text-color has-link-color has-secondary-font-family has-xxl-font-size wp-elements-afc83b93fe9360181eb3148dab46fcb4\" style=\"--m-a:center\">Domaine de la Bergerie<\/p>\n\n\n\n<p class=\"has-text-align-center has-white-color has-text-color has-link-color has-secondary-font-family has-xl-font-size wp-elements-8dcaa15f9367b158c758bf193000860f\" style=\"margin-top:0;margin-bottom:0;--m-a:center\"><em><em><em>Markt in Roquebrune-sur-Argens<\/em><\/em><\/em><\/p>\n<\/div>\n<\/div><\/div>\n\n\t<\/div>\n<\/div><\/div>\n\n<div class=\"wp-block-group has-global-padding is-layout-constrained wp-block-group-is-layout-constrained\" style=\"margin-top:0;margin-bottom:0;padding-top:var(--wp--preset--spacing--m);padding-bottom:var(--wp--preset--spacing--m)\">\n<h1 class=\"wp-block-plune-blocks-double-title text-align-center\"><span class=\"top has-black-color\">Markt in Roquebrune-sur-Argens<\/span><span class=\"bottom has-quartiary-color\">Ganzj\u00e4hrig, jeden Freitag von 8.00 bis 12.30 Uhr<\/span><\/h1>\n<\/div>\n\n<div class=\"wp-block-group hrz-textimage1 overflow is-layout-flow wp-block-group-is-layout-flow\" style=\"--overflow:hidden\">\n<div class=\"wp-block-columns alignfull are-vertically-aligned-center is-layout-flex wp-container-core-columns-is-layout-bd3e6d7c wp-block-columns-is-layout-flex\">\n<div class=\"wp-block-column is-vertically-aligned-center is-layout-flow wp-block-column-is-layout-flow\">\n<div class=\"wp-block-group has-global-padding is-layout-constrained wp-container-core-group-is-layout-854e469c wp-block-group-is-layout-constrained\" style=\"margin-top:0;margin-bottom:0;padding-right:0;padding-left:0\">\n<div class=\"wp-block-group positionnement-mobile has-global-padding is-layout-constrained wp-block-group-is-layout-constrained\" style=\"--maxWidth:404px;--positionnementtype:absolute;--positionnementleft:0px\">\n<figure class=\"wp-block-image size-full\"><img alt=\"\" decoding=\"async\" width=\"506\" height=\"753\" src=\"https:\/\/www.domainelabergerie.com\/wp-content\/uploads\/2025\/02\/Palmier-2.png\" alt=\"\" class=\"wp-image-353\" srcset=\"https:\/\/www.domainelabergerie.com\/wp-content\/uploads\/2025\/02\/Palmier-2.png 506w, https:\/\/www.domainelabergerie.com\/wp-content\/uploads\/2025\/02\/Palmier-2-202x300.png 202w\" sizes=\"(max-width: 506px) 100vw, 506px\" \/><\/figure>\n<\/div>\n\n\n\n<div class=\"wp-block-group has-global-padding is-content-justification-center is-layout-constrained wp-container-core-group-is-layout-957597ec wp-block-group-is-layout-constrained\" style=\"margin-top:0;margin-bottom:0;padding-right:var(--wp--preset--spacing--s);padding-left:var(--wp--preset--spacing--s)\">\n<p class=\"has-text-align-right has-black-color has-text-color has-link-color has-m-font-size wp-elements-8317a62616d27b2c02189b2c61e90c73\" style=\"margin-top:0;margin-bottom:0;--m-a:left\">Jeden Freitagmorgen erwachen die <strong>Gassen des mittelalterlichen Dorfes Roquebrune-sur-Argens<\/strong> im Rhythmus des Marktes. Dieser typisch provenzalische <strong>Markt im Dorf Roquebrune-sur-Argens<\/strong> ist eine wahre Einladung zum Bummeln. Hier finden Sie eine Vielzahl von Geschm\u00e4ckern und <strong>D\u00fcften der Provence<\/strong>: lokal angebautes Obst und Gem\u00fcse, K\u00e4se, Fleisch, Wurstwaren und vieles mehr. Die <strong>Textilst\u00e4nde<\/strong> bieten <strong>sommerliche<\/strong> Kleider und Outfits f\u00fcr die ganze Familie an, die den <strong>provenzalischen Lebensstil<\/strong> widerspiegeln.   <\/p>\n<\/div>\n<\/div>\n<\/div>\n\n\n\n<div class=\"wp-block-column is-vertically-aligned-center is-layout-flow wp-block-column-is-layout-flow\">\n<div class=\"wp-block-group alignfull has-global-padding is-layout-constrained wp-block-group-is-layout-constrained\">\n<div class=\"wp-block-group alignfull positionnement-mobile is-vertical is-content-justification-left is-layout-flex wp-container-core-group-is-layout-aeb3f8d0 wp-block-group-is-layout-flex\" style=\"margin-top:0;margin-bottom:0;padding-right:0;padding-left:0;--positionnementtype:relative\">\n<div class=\"wp-block-group circle positionnement-mobile anim_element_right has-global-padding is-content-justification-left is-layout-constrained wp-container-core-group-is-layout-12dd3699 wp-block-group-is-layout-constrained\" style=\"--positionnementtype:absolute\">\n<div class=\"wp-block-outermost-icon-block\"><div class=\"icon-container has-icon-color has-quartiary-color\" style=\"color:#B496E5;width:66%;transform:rotate(0deg) scaleX(1) scaleY(1)\"><svg xmlns=\"http:\/\/www.w3.org\/2000\/svg\" width=\"700\" height=\"700\" viewbox=\"0 0 700 700\" fill=\"none\"><rect x=\"-0.00012207\" width=\"700\" height=\"700\" rx=\"350\"><\/rect><\/svg><\/div><\/div>\n<\/div>\n\n\n\n<div class=\"wp-block-group img positionnement-mobile anim_element_right has-global-padding is-layout-constrained wp-block-group-is-layout-constrained\" style=\"--positionnementright:-10%\">\n<figure class=\"wp-block-image alignfull size-large has-custom-border is-style-rond is-style-rond--1\"><img alt=\"\" decoding=\"async\" width=\"1024\" height=\"683\" src=\"https:\/\/www.domainelabergerie.com\/wp-content\/uploads\/2025\/07\/marche-roquebrune-domaine-bergerie-var-provence_03-1024x683.webp\" alt=\"\" class=\"wp-image-4233\" style=\"border-radius:50%\" srcset=\"https:\/\/www.domainelabergerie.com\/wp-content\/uploads\/2025\/07\/marche-roquebrune-domaine-bergerie-var-provence_03-1024x683.webp 1024w, https:\/\/www.domainelabergerie.com\/wp-content\/uploads\/2025\/07\/marche-roquebrune-domaine-bergerie-var-provence_03-300x200.webp 300w, https:\/\/www.domainelabergerie.com\/wp-content\/uploads\/2025\/07\/marche-roquebrune-domaine-bergerie-var-provence_03-768x512.webp 768w, https:\/\/www.domainelabergerie.com\/wp-content\/uploads\/2025\/07\/marche-roquebrune-domaine-bergerie-var-provence_03-1536x1024.webp 1536w, https:\/\/www.domainelabergerie.com\/wp-content\/uploads\/2025\/07\/marche-roquebrune-domaine-bergerie-var-provence_03-2048x1365.webp 2048w\" sizes=\"(max-width: 1024px) 100vw, 1024px\" \/><\/figure>\n<\/div>\n<\/div>\n<\/div>\n<\/div>\n<\/div>\n<\/div>\n\n<div aria-hidden=\"true\" class=\"wp-block-spacer\"><\/div>\n","protected":false},"excerpt":{"rendered":"<p>Jeden Freitagmorgen erwachen die Gassen des mittelalterlichen Dorfes Roquebrune-sur-Argens im Rhythmus des Marktes. Dieser typisch provenzalische Markt im Dorf Roquebrune-sur-Argens ist eine wahre Einladung zum Bummeln. Hier finden Sie eine Vielzahl von Geschm\u00e4ckern und D\u00fcften der Provence: lokal angebautes Obst und Gem\u00fcse, K\u00e4se, Fleisch, Wurstwaren und vieles mehr. Die Textilst\u00e4nde bieten sommerliche Kleider und Outfits [&hellip;]<\/p>\n","protected":false},"author":1,"featured_media":4240,"parent":0,"template":"","format":"standard","tax-category-lieux":[85],"class_list":["post-11550","lieux","type-lieux","status-publish","format-standard","has-post-thumbnail","hentry","tax-category-lieux-provenzalische-markte"],"acf":[],"_links":{"self":[{"href":"https:\/\/www.domainelabergerie.com\/de\/wp-json\/wp\/v2\/lieux\/11550","targetHints":{"allow":["GET"]}}],"collection":[{"href":"https:\/\/www.domainelabergerie.com\/de\/wp-json\/wp\/v2\/lieux"}],"about":[{"href":"https:\/\/www.domainelabergerie.com\/de\/wp-json\/wp\/v2\/types\/lieux"}],"author":[{"embeddable":true,"href":"https:\/\/www.domainelabergerie.com\/de\/wp-json\/wp\/v2\/users\/1"}],"version-history":[{"count":3,"href":"https:\/\/www.domainelabergerie.com\/de\/wp-json\/wp\/v2\/lieux\/11550\/revisions"}],"predecessor-version":[{"id":11600,"href":"https:\/\/www.domainelabergerie.com\/de\/wp-json\/wp\/v2\/lieux\/11550\/revisions\/11600"}],"wp:featuredmedia":[{"embeddable":true,"href":"https:\/\/www.domainelabergerie.com\/de\/wp-json\/wp\/v2\/media\/4240"}],"wp:attachment":[{"href":"https:\/\/www.domainelabergerie.com\/de\/wp-json\/wp\/v2\/media?parent=11550"}],"wp:term":[{"taxonomy":"tax-category-lieux","embeddable":true,"href":"https:\/\/www.domainelabergerie.com\/de\/wp-json\/wp\/v2\/tax-category-lieux?post=11550"}],"curies":[{"name":"wp","href":"https:\/\/api.w.org\/{rel}","templated":true}]}}

<div class="wp-block-group has-global-padding is-layout-constrained wp-block-group-is-layout-constrained" style="min-height:2px;margin-bottom:var(--wp--preset--spacing--xxl)">



	<script type="text/javascript">
		var swiperOptionsStudio_swiper_69f19d3194d5b = {
  createElements: true,
  slidesPerView: 1,
  spaceBetween: 0,
  navigation: { 
    enabled: false,
  },
  effect: "fade",
  fadeEffect: {
    crossFade: true,
  },
  pagination: {
    enabled: false,
  },
  autoplay: {
   delay: 5000,
   disableOnInteraction: false,
  },
  loop: true,
speed: 1000
};
	</script>




<div id="swiper_69f19d3194d5b" class="swiper alignfull scale wp-block-plune-blocks-slider" data-swiper="{&quot;autoplay&quot;:true,&quot;navigation&quot;:false,&quot;pagination&quot;:false,&quot;slidesPerView&quot;:2}"data-module="default">
	<div class="swiper-wrapper">
		

<div class="wp-block-cover aligncenter swiper-slide has-aspect-ratio" style="min-height:400px;aspect-ratio:2.66;min-height:unset;"><img alt="" decoding="async" width="1024" height="681" class="wp-block-cover__image-background wp-image-4237 size-large" alt="" src="https://www.domainelabergerie.com/wp-content/uploads/2025/07/marche-roquebrune-domaine-bergerie-var-provence_01-1024x681.webp" data-object-fit="cover" srcset="https://www.domainelabergerie.com/wp-content/uploads/2025/07/marche-roquebrune-domaine-bergerie-var-provence_01-1024x681.webp 1024w, https://www.domainelabergerie.com/wp-content/uploads/2025/07/marche-roquebrune-domaine-bergerie-var-provence_01-300x200.webp 300w, https://www.domainelabergerie.com/wp-content/uploads/2025/07/marche-roquebrune-domaine-bergerie-var-provence_01-768x511.webp 768w, https://www.domainelabergerie.com/wp-content/uploads/2025/07/marche-roquebrune-domaine-bergerie-var-provence_01-1536x1021.webp 1536w, https://www.domainelabergerie.com/wp-content/uploads/2025/07/marche-roquebrune-domaine-bergerie-var-provence_01.webp 1800w" sizes="(max-width: 1024px) 100vw, 1024px" /><span aria-hidden="true" class="wp-block-cover__background has-black-background-color has-background-dim-30 has-background-dim"></span><div class="wp-block-cover__inner-container has-global-padding is-layout-constrained wp-block-cover-is-layout-constrained">
<div class="wp-block-group alignwide has-global-padding is-layout-constrained wp-container-core-group-is-layout-eb740263 wp-block-group-is-layout-constrained" style="padding-top:var(--wp--preset--spacing--xs);padding-right:var(--wp--preset--spacing--s);padding-bottom:var(--wp--preset--spacing--xs);padding-left:var(--wp--preset--spacing--s)">
<p class="has-text-align-center is-style-default has-white-color has-text-color has-link-color has-secondary-font-family has-xxl-font-size wp-elements-afc83b93fe9360181eb3148dab46fcb4" style="--m-a:center">Domaine de la Bergerie</p>



<p class="has-text-align-center has-white-color has-text-color has-link-color has-secondary-font-family has-xl-font-size wp-elements-8dcaa15f9367b158c758bf193000860f" style="margin-top:0;margin-bottom:0;--m-a:center"><em><em><em>Markt in Roquebrune-sur-Argens</em></em></em></p>
</div>
</div></div>



<div class="wp-block-cover aligncenter swiper-slide has-aspect-ratio" style="min-height:400px;aspect-ratio:2.66;min-height:unset;"><img alt="" decoding="async" width="1024" height="682" class="wp-block-cover__image-background wp-image-4241 size-large" alt="" src="https://www.domainelabergerie.com/wp-content/uploads/2025/07/marche-roquebrune-domaine-bergerie-var-provence_02-1024x682.webp" data-object-fit="cover" srcset="https://www.domainelabergerie.com/wp-content/uploads/2025/07/marche-roquebrune-domaine-bergerie-var-provence_02-1024x682.webp 1024w, https://www.domainelabergerie.com/wp-content/uploads/2025/07/marche-roquebrune-domaine-bergerie-var-provence_02-300x200.webp 300w, https://www.domainelabergerie.com/wp-content/uploads/2025/07/marche-roquebrune-domaine-bergerie-var-provence_02-768x512.webp 768w, https://www.domainelabergerie.com/wp-content/uploads/2025/07/marche-roquebrune-domaine-bergerie-var-provence_02-1536x1023.webp 1536w, https://www.domainelabergerie.com/wp-content/uploads/2025/07/marche-roquebrune-domaine-bergerie-var-provence_02-2048x1365.webp 2048w" sizes="(max-width: 1024px) 100vw, 1024px" /><span aria-hidden="true" class="wp-block-cover__background has-black-background-color has-background-dim-30 has-background-dim"></span><div class="wp-block-cover__inner-container has-global-padding is-layout-constrained wp-block-cover-is-layout-constrained">
<div class="wp-block-group alignwide has-global-padding is-layout-constrained wp-container-core-group-is-layout-eb740263 wp-block-group-is-layout-constrained" style="padding-top:var(--wp--preset--spacing--xs);padding-right:var(--wp--preset--spacing--s);padding-bottom:var(--wp--preset--spacing--xs);padding-left:var(--wp--preset--spacing--s)">
<p class="has-text-align-center is-style-default has-white-color has-text-color has-link-color has-secondary-font-family has-xxl-font-size wp-elements-afc83b93fe9360181eb3148dab46fcb4" style="--m-a:center">Domaine de la Bergerie</p>



<p class="has-text-align-center has-white-color has-text-color has-link-color has-secondary-font-family has-xl-font-size wp-elements-8dcaa15f9367b158c758bf193000860f" style="margin-top:0;margin-bottom:0;--m-a:center"><em><em><em>Markt in Roquebrune-sur-Argens</em></em></em></p>
</div>
</div></div>

	</div>
</div></div>

<div class="wp-block-group has-global-padding is-layout-constrained wp-block-group-is-layout-constrained" style="margin-top:0;margin-bottom:0;padding-top:var(--wp--preset--spacing--m);padding-bottom:var(--wp--preset--spacing--m)">
<h1 class="wp-block-plune-blocks-double-title text-align-center"><span class="top has-black-color">Markt in Roquebrune-sur-Argens</span><span class="bottom has-quartiary-color">Ganzjährig, jeden Freitag von 8.00 bis 12.30 Uhr</span></h1>
</div>

<div class="wp-block-group hrz-textimage1 overflow is-layout-flow wp-block-group-is-layout-flow" style="--overflow:hidden">
<div class="wp-block-columns alignfull are-vertically-aligned-center is-layout-flex wp-container-core-columns-is-layout-bd3e6d7c wp-block-columns-is-layout-flex">
<div class="wp-block-column is-vertically-aligned-center is-layout-flow wp-block-column-is-layout-flow">
<div class="wp-block-group has-global-padding is-layout-constrained wp-container-core-group-is-layout-854e469c wp-block-group-is-layout-constrained" style="margin-top:0;margin-bottom:0;padding-right:0;padding-left:0">
<div class="wp-block-group positionnement-mobile has-global-padding is-layout-constrained wp-block-group-is-layout-constrained" style="--maxWidth:404px;--positionnementtype:absolute;--positionnementleft:0px">
<figure class="wp-block-image size-full"><img alt="" decoding="async" width="506" height="753" src="https://www.domainelabergerie.com/wp-content/uploads/2025/02/Palmier-2.png" alt="" class="wp-image-353" srcset="https://www.domainelabergerie.com/wp-content/uploads/2025/02/Palmier-2.png 506w, https://www.domainelabergerie.com/wp-content/uploads/2025/02/Palmier-2-202x300.png 202w" sizes="(max-width: 506px) 100vw, 506px" /></figure>
</div>



<div class="wp-block-group has-global-padding is-content-justification-center is-layout-constrained wp-container-core-group-is-layout-957597ec wp-block-group-is-layout-constrained" style="margin-top:0;margin-bottom:0;padding-right:var(--wp--preset--spacing--s);padding-left:var(--wp--preset--spacing--s)">
<p class="has-text-align-right has-black-color has-text-color has-link-color has-m-font-size wp-elements-8317a62616d27b2c02189b2c61e90c73" style="margin-top:0;margin-bottom:0;--m-a:left">Jeden Freitagmorgen erwachen die <strong>Gassen des mittelalterlichen Dorfes Roquebrune-sur-Argens</strong> im Rhythmus des Marktes. Dieser typisch provenzalische <strong>Markt im Dorf Roquebrune-sur-Argens</strong> ist eine wahre Einladung zum Bummeln. Hier finden Sie eine Vielzahl von Geschmäckern und <strong>Düften der Provence</strong>: lokal angebautes Obst und Gemüse, Käse, Fleisch, Wurstwaren und vieles mehr. Die <strong>Textilstände</strong> bieten <strong>sommerliche</strong> Kleider und Outfits für die ganze Familie an, die den <strong>provenzalischen Lebensstil</strong> widerspiegeln.   </p>
</div>
</div>
</div>



<div class="wp-block-column is-vertically-aligned-center is-layout-flow wp-block-column-is-layout-flow">
<div class="wp-block-group alignfull has-global-padding is-layout-constrained wp-block-group-is-layout-constrained">
<div class="wp-block-group alignfull positionnement-mobile is-vertical is-content-justification-left is-layout-flex wp-container-core-group-is-layout-aeb3f8d0 wp-block-group-is-layout-flex" style="margin-top:0;margin-bottom:0;padding-right:0;padding-left:0;--positionnementtype:relative">
<div class="wp-block-group circle positionnement-mobile anim_element_right has-global-padding is-content-justification-left is-layout-constrained wp-container-core-group-is-layout-12dd3699 wp-block-group-is-layout-constrained" style="--positionnementtype:absolute">
<div class="wp-block-outermost-icon-block"><div class="icon-container has-icon-color has-quartiary-color" style="color:#B496E5;width:66%;transform:rotate(0deg) scaleX(1) scaleY(1)"><svg xmlns="http://www.w3.org/2000/svg" width="700" height="700" viewbox="0 0 700 700" fill="none"><rect x="-0.00012207" width="700" height="700" rx="350"></rect></svg></div></div>
</div>



<div class="wp-block-group img positionnement-mobile anim_element_right has-global-padding is-layout-constrained wp-block-group-is-layout-constrained" style="--positionnementright:-10%">
<figure class="wp-block-image alignfull size-large has-custom-border is-style-rond is-style-rond--1"><img alt="" decoding="async" width="1024" height="683" src="https://www.domainelabergerie.com/wp-content/uploads/2025/07/marche-roquebrune-domaine-bergerie-var-provence_03-1024x683.webp" alt="" class="wp-image-4233" style="border-radius:50%" srcset="https://www.domainelabergerie.com/wp-content/uploads/2025/07/marche-roquebrune-domaine-bergerie-var-provence_03-1024x683.webp 1024w, https://www.domainelabergerie.com/wp-content/uploads/2025/07/marche-roquebrune-domaine-bergerie-var-provence_03-300x200.webp 300w, https://www.domainelabergerie.com/wp-content/uploads/2025/07/marche-roquebrune-domaine-bergerie-var-provence_03-768x512.webp 768w, https://www.domainelabergerie.com/wp-content/uploads/2025/07/marche-roquebrune-domaine-bergerie-var-provence_03-1536x1024.webp 1536w, https://www.domainelabergerie.com/wp-content/uploads/2025/07/marche-roquebrune-domaine-bergerie-var-provence_03-2048x1365.webp 2048w" sizes="(max-width: 1024px) 100vw, 1024px" /></figure>
</div>
</div>
</div>
</div>
</div>
</div>

<div aria-hidden="true" class="wp-block-spacer"></div>

<p>Jeden Freitagmorgen erwachen die Gassen des mittelalterlichen Dorfes Roquebrune-sur-Argens im Rhythmus des Marktes. Dieser typisch provenzalische Markt im Dorf Roquebrune-sur-Argens ist eine wahre Einladung zum Bummeln. Hier finden Sie eine Vielzahl von Geschmäckern und Düften der Provence: lokal angebautes Obst und Gemüse, Käse, Fleisch, Wurstwaren und vieles mehr. Die Textilstände bieten sommerliche Kleider und Outfits [&hellip;]</p>
