{"id":11532,"date":"2025-07-31T10:03:15","date_gmt":"2025-07-31T10:03:15","guid":{"rendered":"https:\/\/www.domainelabergerie.com\/tourisme-var\/schloss-font-du-broc\/"},"modified":"2025-08-29T08:21:26","modified_gmt":"2025-08-29T08:21:26","slug":"schloss-font-du-broc","status":"publish","type":"lieux","link":"https:\/\/www.domainelabergerie.com\/de\/tourisme-var\/schloss-font-du-broc\/","title":{"rendered":"Schloss Font du Broc"},"content":{"rendered":"\n<div class=\"wp-block-group has-global-padding is-layout-constrained wp-block-group-is-layout-constrained\" style=\"min-height:2px;margin-bottom:var(--wp--preset--spacing--xxl)\">\n\n\n\n\t<script type=\"text\/javascript\">\n\t\tvar swiperOptionsStudio_swiper_69f19d0ba10bd = {\n  createElements: true,\n  slidesPerView: 1,\n  spaceBetween: 0,\n  navigation: { \n    enabled: false,\n  },\n  effect: \"fade\",\n  fadeEffect: {\n    crossFade: true,\n  },\n  pagination: {\n    enabled: false,\n  },\n  autoplay: {\n   delay: 5000,\n   disableOnInteraction: false,\n  },\n  loop: true,\nspeed: 1000\n};\n\t<\/script>\n\n\n\n\n<div id=\"swiper_69f19d0ba10bd\" class=\"swiper alignfull scale wp-block-plune-blocks-slider\" data-swiper=\"{&quot;autoplay&quot;:true,&quot;navigation&quot;:false,&quot;pagination&quot;:false,&quot;slidesPerView&quot;:2}\"data-module=\"default\">\n\t<div class=\"swiper-wrapper\">\n\t\t\n\n<div class=\"wp-block-cover aligncenter swiper-slide has-aspect-ratio\" style=\"min-height:400px;aspect-ratio:2.66;min-height:unset;\"><img alt=\"\" decoding=\"async\" width=\"1024\" height=\"683\" class=\"wp-block-cover__image-background wp-image-4180 size-large\" alt=\"\" src=\"https:\/\/www.domainelabergerie.com\/wp-content\/uploads\/2025\/07\/AdobeStock_320601613-1024x683.webp\" data-object-fit=\"cover\" srcset=\"https:\/\/www.domainelabergerie.com\/wp-content\/uploads\/2025\/07\/AdobeStock_320601613-1024x683.webp 1024w, https:\/\/www.domainelabergerie.com\/wp-content\/uploads\/2025\/07\/AdobeStock_320601613-300x200.webp 300w, https:\/\/www.domainelabergerie.com\/wp-content\/uploads\/2025\/07\/AdobeStock_320601613-768x512.webp 768w, https:\/\/www.domainelabergerie.com\/wp-content\/uploads\/2025\/07\/AdobeStock_320601613-1536x1024.webp 1536w, https:\/\/www.domainelabergerie.com\/wp-content\/uploads\/2025\/07\/AdobeStock_320601613-2048x1365.webp 2048w\" sizes=\"(max-width: 1024px) 100vw, 1024px\" \/><span aria-hidden=\"true\" class=\"wp-block-cover__background has-black-background-color has-background-dim-30 has-background-dim\"><\/span><div class=\"wp-block-cover__inner-container has-global-padding is-layout-constrained wp-block-cover-is-layout-constrained\">\n<div class=\"wp-block-group alignwide has-global-padding is-layout-constrained wp-container-core-group-is-layout-eb740263 wp-block-group-is-layout-constrained\" style=\"padding-top:var(--wp--preset--spacing--xs);padding-right:var(--wp--preset--spacing--s);padding-bottom:var(--wp--preset--spacing--xs);padding-left:var(--wp--preset--spacing--s)\">\n<p class=\"has-text-align-center is-style-default has-white-color has-text-color has-link-color has-secondary-font-family has-xxl-font-size wp-elements-b06c39871aba6b7a846470bf8016dfca\" style=\"--m-a:center\">Ein au\u00dfergew\u00f6hnliches Anwesen<\/p>\n\n\n\n<p class=\"has-text-align-center has-white-color has-text-color has-link-color has-secondary-font-family has-xl-font-size wp-elements-65302f09fc309dd10b76fe0853a042e3\" style=\"margin-top:0;margin-bottom:0;--m-a:center\"><em><em><em>in der Provence<\/em><\/em><\/em><\/p>\n<\/div>\n<\/div><\/div>\n\n\t<\/div>\n<\/div><\/div>\n\n<div class=\"wp-block-group has-global-padding is-layout-constrained wp-block-group-is-layout-constrained\" style=\"margin-top:0;margin-bottom:0;padding-top:var(--wp--preset--spacing--m);padding-bottom:var(--wp--preset--spacing--m)\">\n<h1 class=\"wp-block-plune-blocks-double-title text-align-center\"><span class=\"top has-black-color\">Ch\u00e2teau Font du Broc<\/span><span class=\"bottom has-quartiary-color\">Einzigartige Weinkellerei<\/span><\/h1>\n<\/div>\n\n<div class=\"wp-block-group hrz-textimage1 overflow is-layout-flow wp-block-group-is-layout-flow\" style=\"--overflow:hidden\">\n<div class=\"wp-block-columns alignfull are-vertically-aligned-center is-layout-flex wp-container-core-columns-is-layout-bd3e6d7c wp-block-columns-is-layout-flex\">\n<div class=\"wp-block-column is-vertically-aligned-center is-layout-flow wp-block-column-is-layout-flow\">\n<div class=\"wp-block-group has-global-padding is-layout-constrained wp-container-core-group-is-layout-854e469c wp-block-group-is-layout-constrained\" style=\"margin-top:0;margin-bottom:0;padding-right:0;padding-left:0\">\n<div class=\"wp-block-group positionnement-mobile has-global-padding is-layout-constrained wp-block-group-is-layout-constrained\" style=\"--maxWidth:404px;--positionnementtype:absolute;--positionnementleft:0px\">\n<figure class=\"wp-block-image size-full\"><img alt=\"\" decoding=\"async\" width=\"506\" height=\"753\" src=\"https:\/\/www.domainelabergerie.com\/wp-content\/uploads\/2025\/02\/Palmier-2.png\" alt=\"\" class=\"wp-image-353\" srcset=\"https:\/\/www.domainelabergerie.com\/wp-content\/uploads\/2025\/02\/Palmier-2.png 506w, https:\/\/www.domainelabergerie.com\/wp-content\/uploads\/2025\/02\/Palmier-2-202x300.png 202w\" sizes=\"(max-width: 506px) 100vw, 506px\" \/><\/figure>\n<\/div>\n\n\n\n<div class=\"wp-block-group has-global-padding is-content-justification-center is-layout-constrained wp-container-core-group-is-layout-957597ec wp-block-group-is-layout-constrained\" style=\"margin-top:0;margin-bottom:0;padding-right:var(--wp--preset--spacing--s);padding-left:var(--wp--preset--spacing--s)\">\n<p class=\"has-text-align-right has-black-color has-text-color has-link-color has-m-font-size wp-elements-a4762268b35e6a64615eb3e803ee8557\" style=\"margin-top:0;margin-bottom:0;--m-a:left\">Die Weinberge des Ch\u00e2teau Font du Broc in Les Arcs liegen auf einer H\u00f6he von 110 Metern \u00fcber dem Meeresspiegel und befinden sich im Herzen eines 100 Hektar gro\u00dfen Grundst\u00fccks, das mit Restanques angelegt wurde, von denen etwa 30 Hektar mit Weinreben bepflanzt sind.<\/p>\n\n\n\n<p style=\"--m-a:left\"><\/p>\n\n\n\n<p class=\"has-text-align-right has-black-color has-text-color has-link-color has-m-font-size wp-elements-977ee912ff47f9d5935158acc402a058\" style=\"margin-top:0;margin-bottom:0;--m-a:left\">Hier werden Syrah, Grenache, Cabernet Sauvigon und Rolle angebaut, um Rot- und Ros\u00e9weine zu produzieren. Das Weingut ist f\u00fcr die \u00d6ffentlichkeit zug\u00e4nglich. <\/p>\n\n\n\n<p style=\"--m-a:left\"><\/p>\n\n\n\n<div class=\"wp-block-buttons is-content-justification-right is-layout-flex wp-container-core-buttons-is-layout-d445cf74 wp-block-buttons-is-layout-flex\">\n<div class=\"wp-block-button\" style=\"--hover-background-color:;--hover-text-color:;--hover-border-color:\"><a class=\"wp-block-button__link wp-element-button\" href=\"https:\/\/www.vignoblesmassa.com\/\" target=\"_blank\" rel=\"noreferrer noopener\">Besuchen Sie die Website<\/a><\/div>\n\n\n\n<div class=\"wp-block-button\" style=\"--hover-background-color:;--hover-text-color:;--hover-border-color:\"><a class=\"wp-block-button__link wp-element-button\" href=\"https:\/\/maps.google.com\/maps?saddr=43.3994,6.67509&amp;daddr=43.4734,6.51159\" target=\"_blank\" rel=\"noreferrer noopener\">Erhalten Sie die Route<\/a><\/div>\n<\/div>\n<\/div>\n<\/div>\n<\/div>\n\n\n\n<div class=\"wp-block-column is-vertically-aligned-center is-layout-flow wp-block-column-is-layout-flow\">\n<div class=\"wp-block-group alignfull has-global-padding is-layout-constrained wp-block-group-is-layout-constrained\">\n<div class=\"wp-block-group alignfull positionnement-mobile is-vertical is-content-justification-left is-layout-flex wp-container-core-group-is-layout-aeb3f8d0 wp-block-group-is-layout-flex\" style=\"margin-top:0;margin-bottom:0;padding-right:0;padding-left:0;--positionnementtype:relative\">\n<div class=\"wp-block-group circle positionnement-mobile anim_element_right has-global-padding is-content-justification-left is-layout-constrained wp-container-core-group-is-layout-12dd3699 wp-block-group-is-layout-constrained\" style=\"--positionnementtype:absolute\">\n<div class=\"wp-block-outermost-icon-block\"><div class=\"icon-container has-icon-color has-quartiary-color\" style=\"color:#B496E5;width:66%;transform:rotate(0deg) scaleX(1) scaleY(1)\"><svg xmlns=\"http:\/\/www.w3.org\/2000\/svg\" width=\"700\" height=\"700\" viewbox=\"0 0 700 700\" fill=\"none\"><rect x=\"-0.00012207\" width=\"700\" height=\"700\" rx=\"350\"><\/rect><\/svg><\/div><\/div>\n<\/div>\n\n\n\n<div class=\"wp-block-group img positionnement-mobile anim_element_right has-global-padding is-layout-constrained wp-block-group-is-layout-constrained\" style=\"--positionnementright:-10%\">\n<figure class=\"wp-block-image alignfull size-large has-custom-border is-style-rond is-style-rond--1\"><img alt=\"\" decoding=\"async\" width=\"1024\" height=\"680\" src=\"https:\/\/www.domainelabergerie.com\/wp-content\/uploads\/2025\/07\/AdobeStock_33915690-1024x680.webp\" alt=\"\" class=\"wp-image-4176\" style=\"border-radius:50%\" srcset=\"https:\/\/www.domainelabergerie.com\/wp-content\/uploads\/2025\/07\/AdobeStock_33915690-1024x680.webp 1024w, https:\/\/www.domainelabergerie.com\/wp-content\/uploads\/2025\/07\/AdobeStock_33915690-300x199.webp 300w, https:\/\/www.domainelabergerie.com\/wp-content\/uploads\/2025\/07\/AdobeStock_33915690-768x510.webp 768w, https:\/\/www.domainelabergerie.com\/wp-content\/uploads\/2025\/07\/AdobeStock_33915690-1536x1020.webp 1536w, https:\/\/www.domainelabergerie.com\/wp-content\/uploads\/2025\/07\/AdobeStock_33915690-2048x1360.webp 2048w\" sizes=\"(max-width: 1024px) 100vw, 1024px\" \/><\/figure>\n<\/div>\n<\/div>\n<\/div>\n<\/div>\n<\/div>\n<\/div>\n\n<div aria-hidden=\"true\" class=\"wp-block-spacer\"><\/div>\n\n<p style=\"--m-a:left\"><\/p>\n","protected":false},"excerpt":{"rendered":"<p>Die Weinberge des Ch\u00e2teau Font du Broc in Les Arcs liegen auf einer H\u00f6he von 110 Metern \u00fcber dem Meeresspiegel und befinden sich im Herzen eines 100 Hektar gro\u00dfen Grundst\u00fccks, das mit Restanques angelegt wurde, von denen etwa 30 Hektar mit Weinreben bepflanzt sind. Hier werden Syrah, Grenache, Cabernet Sauvigon und Rolle angebaut, um Rot- [&hellip;]<\/p>\n","protected":false},"author":1,"featured_media":4187,"parent":0,"template":"","format":"standard","tax-category-lieux":[80],"class_list":["post-11532","lieux","type-lieux","status-publish","format-standard","has-post-thumbnail","hentry","tax-category-lieux-wein-weinberge"],"acf":[],"_links":{"self":[{"href":"https:\/\/www.domainelabergerie.com\/de\/wp-json\/wp\/v2\/lieux\/11532","targetHints":{"allow":["GET"]}}],"collection":[{"href":"https:\/\/www.domainelabergerie.com\/de\/wp-json\/wp\/v2\/lieux"}],"about":[{"href":"https:\/\/www.domainelabergerie.com\/de\/wp-json\/wp\/v2\/types\/lieux"}],"author":[{"embeddable":true,"href":"https:\/\/www.domainelabergerie.com\/de\/wp-json\/wp\/v2\/users\/1"}],"version-history":[{"count":1,"href":"https:\/\/www.domainelabergerie.com\/de\/wp-json\/wp\/v2\/lieux\/11532\/revisions"}],"predecessor-version":[{"id":11533,"href":"https:\/\/www.domainelabergerie.com\/de\/wp-json\/wp\/v2\/lieux\/11532\/revisions\/11533"}],"wp:featuredmedia":[{"embeddable":true,"href":"https:\/\/www.domainelabergerie.com\/de\/wp-json\/wp\/v2\/media\/4187"}],"wp:attachment":[{"href":"https:\/\/www.domainelabergerie.com\/de\/wp-json\/wp\/v2\/media?parent=11532"}],"wp:term":[{"taxonomy":"tax-category-lieux","embeddable":true,"href":"https:\/\/www.domainelabergerie.com\/de\/wp-json\/wp\/v2\/tax-category-lieux?post=11532"}],"curies":[{"name":"wp","href":"https:\/\/api.w.org\/{rel}","templated":true}]}}

<div class="wp-block-group has-global-padding is-layout-constrained wp-block-group-is-layout-constrained" style="min-height:2px;margin-bottom:var(--wp--preset--spacing--xxl)">



	<script type="text/javascript">
		var swiperOptionsStudio_swiper_69f19d0ba10bd = {
  createElements: true,
  slidesPerView: 1,
  spaceBetween: 0,
  navigation: { 
    enabled: false,
  },
  effect: "fade",
  fadeEffect: {
    crossFade: true,
  },
  pagination: {
    enabled: false,
  },
  autoplay: {
   delay: 5000,
   disableOnInteraction: false,
  },
  loop: true,
speed: 1000
};
	</script>




<div id="swiper_69f19d0ba10bd" class="swiper alignfull scale wp-block-plune-blocks-slider" data-swiper="{&quot;autoplay&quot;:true,&quot;navigation&quot;:false,&quot;pagination&quot;:false,&quot;slidesPerView&quot;:2}"data-module="default">
	<div class="swiper-wrapper">
		

<div class="wp-block-cover aligncenter swiper-slide has-aspect-ratio" style="min-height:400px;aspect-ratio:2.66;min-height:unset;"><img alt="" decoding="async" width="1024" height="683" class="wp-block-cover__image-background wp-image-4180 size-large" alt="" src="https://www.domainelabergerie.com/wp-content/uploads/2025/07/AdobeStock_320601613-1024x683.webp" data-object-fit="cover" srcset="https://www.domainelabergerie.com/wp-content/uploads/2025/07/AdobeStock_320601613-1024x683.webp 1024w, https://www.domainelabergerie.com/wp-content/uploads/2025/07/AdobeStock_320601613-300x200.webp 300w, https://www.domainelabergerie.com/wp-content/uploads/2025/07/AdobeStock_320601613-768x512.webp 768w, https://www.domainelabergerie.com/wp-content/uploads/2025/07/AdobeStock_320601613-1536x1024.webp 1536w, https://www.domainelabergerie.com/wp-content/uploads/2025/07/AdobeStock_320601613-2048x1365.webp 2048w" sizes="(max-width: 1024px) 100vw, 1024px" /><span aria-hidden="true" class="wp-block-cover__background has-black-background-color has-background-dim-30 has-background-dim"></span><div class="wp-block-cover__inner-container has-global-padding is-layout-constrained wp-block-cover-is-layout-constrained">
<div class="wp-block-group alignwide has-global-padding is-layout-constrained wp-container-core-group-is-layout-eb740263 wp-block-group-is-layout-constrained" style="padding-top:var(--wp--preset--spacing--xs);padding-right:var(--wp--preset--spacing--s);padding-bottom:var(--wp--preset--spacing--xs);padding-left:var(--wp--preset--spacing--s)">
<p class="has-text-align-center is-style-default has-white-color has-text-color has-link-color has-secondary-font-family has-xxl-font-size wp-elements-b06c39871aba6b7a846470bf8016dfca" style="--m-a:center">Ein außergewöhnliches Anwesen</p>



<p class="has-text-align-center has-white-color has-text-color has-link-color has-secondary-font-family has-xl-font-size wp-elements-65302f09fc309dd10b76fe0853a042e3" style="margin-top:0;margin-bottom:0;--m-a:center"><em><em><em>in der Provence</em></em></em></p>
</div>
</div></div>

	</div>
</div></div>

<div class="wp-block-group has-global-padding is-layout-constrained wp-block-group-is-layout-constrained" style="margin-top:0;margin-bottom:0;padding-top:var(--wp--preset--spacing--m);padding-bottom:var(--wp--preset--spacing--m)">
<h1 class="wp-block-plune-blocks-double-title text-align-center"><span class="top has-black-color">Château Font du Broc</span><span class="bottom has-quartiary-color">Einzigartige Weinkellerei</span></h1>
</div>

<div class="wp-block-group hrz-textimage1 overflow is-layout-flow wp-block-group-is-layout-flow" style="--overflow:hidden">
<div class="wp-block-columns alignfull are-vertically-aligned-center is-layout-flex wp-container-core-columns-is-layout-bd3e6d7c wp-block-columns-is-layout-flex">
<div class="wp-block-column is-vertically-aligned-center is-layout-flow wp-block-column-is-layout-flow">
<div class="wp-block-group has-global-padding is-layout-constrained wp-container-core-group-is-layout-854e469c wp-block-group-is-layout-constrained" style="margin-top:0;margin-bottom:0;padding-right:0;padding-left:0">
<div class="wp-block-group positionnement-mobile has-global-padding is-layout-constrained wp-block-group-is-layout-constrained" style="--maxWidth:404px;--positionnementtype:absolute;--positionnementleft:0px">
<figure class="wp-block-image size-full"><img alt="" decoding="async" width="506" height="753" src="https://www.domainelabergerie.com/wp-content/uploads/2025/02/Palmier-2.png" alt="" class="wp-image-353" srcset="https://www.domainelabergerie.com/wp-content/uploads/2025/02/Palmier-2.png 506w, https://www.domainelabergerie.com/wp-content/uploads/2025/02/Palmier-2-202x300.png 202w" sizes="(max-width: 506px) 100vw, 506px" /></figure>
</div>



<div class="wp-block-group has-global-padding is-content-justification-center is-layout-constrained wp-container-core-group-is-layout-957597ec wp-block-group-is-layout-constrained" style="margin-top:0;margin-bottom:0;padding-right:var(--wp--preset--spacing--s);padding-left:var(--wp--preset--spacing--s)">
<p class="has-text-align-right has-black-color has-text-color has-link-color has-m-font-size wp-elements-a4762268b35e6a64615eb3e803ee8557" style="margin-top:0;margin-bottom:0;--m-a:left">Die Weinberge des Château Font du Broc in Les Arcs liegen auf einer Höhe von 110 Metern über dem Meeresspiegel und befinden sich im Herzen eines 100 Hektar großen Grundstücks, das mit Restanques angelegt wurde, von denen etwa 30 Hektar mit Weinreben bepflanzt sind.</p>



<p style="--m-a:left"></p>



<p class="has-text-align-right has-black-color has-text-color has-link-color has-m-font-size wp-elements-977ee912ff47f9d5935158acc402a058" style="margin-top:0;margin-bottom:0;--m-a:left">Hier werden Syrah, Grenache, Cabernet Sauvigon und Rolle angebaut, um Rot- und Roséweine zu produzieren. Das Weingut ist für die Öffentlichkeit zugänglich. </p>



<p style="--m-a:left"></p>



<div class="wp-block-buttons is-content-justification-right is-layout-flex wp-container-core-buttons-is-layout-d445cf74 wp-block-buttons-is-layout-flex">
<div class="wp-block-button" style="--hover-background-color:;--hover-text-color:;--hover-border-color:"><a class="wp-block-button__link wp-element-button" href="https://www.vignoblesmassa.com/" target="_blank" rel="noreferrer noopener">Besuchen Sie die Website</a></div>



<div class="wp-block-button" style="--hover-background-color:;--hover-text-color:;--hover-border-color:"><a class="wp-block-button__link wp-element-button" href="https://maps.google.com/maps?saddr=43.3994,6.67509&amp;daddr=43.4734,6.51159" target="_blank" rel="noreferrer noopener">Erhalten Sie die Route</a></div>
</div>
</div>
</div>
</div>



<div class="wp-block-column is-vertically-aligned-center is-layout-flow wp-block-column-is-layout-flow">
<div class="wp-block-group alignfull has-global-padding is-layout-constrained wp-block-group-is-layout-constrained">
<div class="wp-block-group alignfull positionnement-mobile is-vertical is-content-justification-left is-layout-flex wp-container-core-group-is-layout-aeb3f8d0 wp-block-group-is-layout-flex" style="margin-top:0;margin-bottom:0;padding-right:0;padding-left:0;--positionnementtype:relative">
<div class="wp-block-group circle positionnement-mobile anim_element_right has-global-padding is-content-justification-left is-layout-constrained wp-container-core-group-is-layout-12dd3699 wp-block-group-is-layout-constrained" style="--positionnementtype:absolute">
<div class="wp-block-outermost-icon-block"><div class="icon-container has-icon-color has-quartiary-color" style="color:#B496E5;width:66%;transform:rotate(0deg) scaleX(1) scaleY(1)"><svg xmlns="http://www.w3.org/2000/svg" width="700" height="700" viewbox="0 0 700 700" fill="none"><rect x="-0.00012207" width="700" height="700" rx="350"></rect></svg></div></div>
</div>



<div class="wp-block-group img positionnement-mobile anim_element_right has-global-padding is-layout-constrained wp-block-group-is-layout-constrained" style="--positionnementright:-10%">
<figure class="wp-block-image alignfull size-large has-custom-border is-style-rond is-style-rond--1"><img alt="" decoding="async" width="1024" height="680" src="https://www.domainelabergerie.com/wp-content/uploads/2025/07/AdobeStock_33915690-1024x680.webp" alt="" class="wp-image-4176" style="border-radius:50%" srcset="https://www.domainelabergerie.com/wp-content/uploads/2025/07/AdobeStock_33915690-1024x680.webp 1024w, https://www.domainelabergerie.com/wp-content/uploads/2025/07/AdobeStock_33915690-300x199.webp 300w, https://www.domainelabergerie.com/wp-content/uploads/2025/07/AdobeStock_33915690-768x510.webp 768w, https://www.domainelabergerie.com/wp-content/uploads/2025/07/AdobeStock_33915690-1536x1020.webp 1536w, https://www.domainelabergerie.com/wp-content/uploads/2025/07/AdobeStock_33915690-2048x1360.webp 2048w" sizes="(max-width: 1024px) 100vw, 1024px" /></figure>
</div>
</div>
</div>
</div>
</div>
</div>

<div aria-hidden="true" class="wp-block-spacer"></div>

<p style="--m-a:left"></p>

<p>Die Weinberge des Château Font du Broc in Les Arcs liegen auf einer Höhe von 110 Metern über dem Meeresspiegel und befinden sich im Herzen eines 100 Hektar großen Grundstücks, das mit Restanques angelegt wurde, von denen etwa 30 Hektar mit Weinreben bepflanzt sind. Hier werden Syrah, Grenache, Cabernet Sauvigon und Rolle angebaut, um Rot- [&hellip;]</p>
